{"id":248,"date":"2026-04-23T21:21:26","date_gmt":"2026-04-23T19:21:26","guid":{"rendered":"https:\/\/connecteurs-de-cartes.fr\/evoixla\/?page_id=248"},"modified":"2026-09-03T19:23:38","modified_gmt":"2026-09-03T17:23:38","slug":"spectacles-inter-associatif","status":"publish","type":"page","link":"https:\/\/connecteurs-de-cartes.fr\/evoixla\/spectacles-inter-associatif\/","title":{"rendered":"Spectacles inter-associatif"},"content":{"rendered":"\t\t<div data-elementor-type=\"wp-page\" data-elementor-id=\"248\" class=\"elementor elementor-248\" data-elementor-post-type=\"page\">\n\t\t\t\t<div class=\"elementor-element elementor-element-fd9dc73 e-flex e-con-boxed e-con e-parent\" data-id=\"fd9dc73\" data-element_type=\"container\" data-e-type=\"container\">\n\t\t\t\t\t<div class=\"e-con-inner\">\n\t\t\t\t<div class=\"elementor-element elementor-element-a6056ae elementor-widget elementor-widget-heading\" data-id=\"a6056ae\" data-element_type=\"widget\" data-e-type=\"widget\" data-widget_type=\"heading.default\">\n\t\t\t\t\t<h1 class=\"elementor-heading-title elementor-size-default\">Spectacles inter-associatifs<\/h1>\t\t\t\t<\/div>\n\t\t\t\t<div class=\"elementor-element elementor-element-c556dda elementor-widget elementor-widget-text-editor\" data-id=\"c556dda\" data-element_type=\"widget\" data-e-type=\"widget\" data-widget_type=\"text-editor.default\">\n\t\t\t\t\t\t\t\t\t<p>En 2012, nous avons particip\u00e9, pour la premi\u00e8re fois, \u00e0 <strong data-start=\"321\" data-end=\"343\">La Nuit au th\u00e9\u00e2tre<\/strong>, spectacle inter-associatif qui r\u00e9unit musique, danse, th\u00e9\u00e2tre, po\u00e9sie&#8230; Depuis, nous n\u2019avons pas manqu\u00e9 une seule occasion de rencontrer sur sc\u00e8ne nos amis danseurs, com\u00e9diens, po\u00e8tes&#8230; Pour les 40 ans du Centre culturel Jean Vilar, nous avons cr\u00e9\u00e9 avec nos amis de Vagabondage (amateurs de po\u00e9sie) \u00ab Le jazz et la po\u00e9sie \u00bb.<\/p>\t\t\t\t\t\t\t\t<\/div>\n\t\t\t\t<div class=\"elementor-element elementor-element-7ba5f8f elementor-widget elementor-widget-heading\" data-id=\"7ba5f8f\" data-element_type=\"widget\" data-e-type=\"widget\" data-widget_type=\"heading.default\">\n\t\t\t\t\t<h2 class=\"elementor-heading-title elementor-size-default\"><em>2023 : 50 ans de Jean Vilar<\/h2>\t\t\t\t<\/div>\n\t\t\t\t<div class=\"elementor-element elementor-element-50a657c elementor-widget elementor-widget-text-editor\" data-id=\"50a657c\" data-element_type=\"widget\" data-e-type=\"widget\" data-widget_type=\"text-editor.default\">\n\t\t\t\t\t\t\t\t\t<p>10 ans plus tard, en 2023, avec \u00ab <strong>Vilar entre en sc\u00e8ne<\/strong> \u00bb, nous \u00e9tions tr\u00e8s nombreux sur sc\u00e8ne \u00e0 c\u00e9l\u00e9brer le spectacle vivant.<\/p>\t\t\t\t\t\t\t\t<\/div>\n\t\t\t\t\t<\/div>\n\t\t\t\t<\/div>\n\t\t<div class=\"elementor-element elementor-element-9535195 e-flex e-con-boxed e-con e-parent\" data-id=\"9535195\" data-element_type=\"container\" data-e-type=\"container\">\n\t\t\t\t\t<div class=\"e-con-inner\">\n\t\t<div class=\"elementor-element elementor-element-221521a e-con-full e-flex e-con e-child\" data-id=\"221521a\" data-element_type=\"container\" data-e-type=\"container\">\n\t\t\t\t<div class=\"elementor-element elementor-element-aa5b21b elementor-widget elementor-widget-image\" data-id=\"aa5b21b\" data-element_type=\"widget\" data-e-type=\"widget\" data-widget_type=\"image.default\">\n\t\t\t\t\t\t\t\t\t\t\t\t\t\t\t<img fetchpriority=\"high\" decoding=\"async\" width=\"800\" height=\"534\" src=\"https:\/\/connecteurs-de-cartes.fr\/evoixla\/wp-content\/uploads\/Jean-Vilar-2023-02-Collectif-le-Casting-1-1024x683.jpg\" class=\"attachment-large size-large wp-image-861\" alt=\"\" srcset=\"https:\/\/connecteurs-de-cartes.fr\/evoixla\/wp-content\/uploads\/Jean-Vilar-2023-02-Collectif-le-Casting-1-1024x683.jpg 1024w, https:\/\/connecteurs-de-cartes.fr\/evoixla\/wp-content\/uploads\/Jean-Vilar-2023-02-Collectif-le-Casting-1-300x200.jpg 300w, https:\/\/connecteurs-de-cartes.fr\/evoixla\/wp-content\/uploads\/Jean-Vilar-2023-02-Collectif-le-Casting-1-768x512.jpg 768w, https:\/\/connecteurs-de-cartes.fr\/evoixla\/wp-content\/uploads\/Jean-Vilar-2023-02-Collectif-le-Casting-1-1536x1024.jpg 1536w, https:\/\/connecteurs-de-cartes.fr\/evoixla\/wp-content\/uploads\/Jean-Vilar-2023-02-Collectif-le-Casting-1-2048x1365.jpg 2048w\" sizes=\"(max-width: 800px) 100vw, 800px\" \/>\t\t\t\t\t\t\t\t\t\t\t\t\t\t\t<\/div>\n\t\t\t\t<div class=\"elementor-element elementor-element-67a93d0 elementor-widget elementor-widget-text-editor\" data-id=\"67a93d0\" data-element_type=\"widget\" data-e-type=\"widget\" data-widget_type=\"text-editor.default\">\n\t\t\t\t\t\t\t\t\t<p><span class=\"evl-logo-text\"><span class=\"evl-e\">\u00c9<\/span> <span class=\"evl-v\">V<\/span><span class=\"evl-o\">o<\/span><span class=\"evl-i\">i<\/span><span class=\"evl-x\">x<\/span>&#8211;<span class=\"evl-l\">l<\/span><span class=\"evl-a\">\u00e0 <\/span><\/span>lors des 50 ans du Centre Culturel Jean Vilar en 2023.<\/p>\t\t\t\t\t\t\t\t<\/div>\n\t\t\t\t<\/div>\n\t\t<div class=\"elementor-element elementor-element-81dd2a0 e-con-full e-flex e-con e-child\" data-id=\"81dd2a0\" data-element_type=\"container\" data-e-type=\"container\">\n\t\t\t\t<div class=\"elementor-element elementor-element-9f0551f elementor-widget elementor-widget-image\" data-id=\"9f0551f\" data-element_type=\"widget\" data-e-type=\"widget\" data-widget_type=\"image.default\">\n\t\t\t\t\t\t\t\t\t\t\t\t\t\t\t<img decoding=\"async\" width=\"683\" height=\"1024\" src=\"https:\/\/connecteurs-de-cartes.fr\/evoixla\/wp-content\/uploads\/Jean-Vilar-2023-02-thierry-casting-2-1-scaled-e1787836980674-683x1024.jpg\" class=\"attachment-large size-large wp-image-862\" alt=\"\" srcset=\"https:\/\/connecteurs-de-cartes.fr\/evoixla\/wp-content\/uploads\/Jean-Vilar-2023-02-thierry-casting-2-1-scaled-e1787836980674-683x1024.jpg 683w, https:\/\/connecteurs-de-cartes.fr\/evoixla\/wp-content\/uploads\/Jean-Vilar-2023-02-thierry-casting-2-1-scaled-e1787836980674-200x300.jpg 200w, https:\/\/connecteurs-de-cartes.fr\/evoixla\/wp-content\/uploads\/Jean-Vilar-2023-02-thierry-casting-2-1-scaled-e1787836980674-768x1152.jpg 768w, https:\/\/connecteurs-de-cartes.fr\/evoixla\/wp-content\/uploads\/Jean-Vilar-2023-02-thierry-casting-2-1-scaled-e1787836980674-1024x1536.jpg 1024w, https:\/\/connecteurs-de-cartes.fr\/evoixla\/wp-content\/uploads\/Jean-Vilar-2023-02-thierry-casting-2-1-scaled-e1787836980674-1366x2048.jpg 1366w, https:\/\/connecteurs-de-cartes.fr\/evoixla\/wp-content\/uploads\/Jean-Vilar-2023-02-thierry-casting-2-1-scaled-e1787836980674.jpg 1707w\" sizes=\"(max-width: 683px) 100vw, 683px\" \/>\t\t\t\t\t\t\t\t\t\t\t\t\t\t\t<\/div>\n\t\t\t\t<\/div>\n\t\t\t\t\t<\/div>\n\t\t\t\t<\/div>\n\t\t\t\t<\/div>\n\t\t","protected":false},"excerpt":{"rendered":"<p>Spectacles inter-associatifs En 2012, nous avons particip\u00e9, pour la premi\u00e8re fois, \u00e0 La Nuit au th\u00e9\u00e2tre, spectacle inter-associatif qui r\u00e9unit musique, danse, th\u00e9\u00e2tre, po\u00e9sie&#8230; Depuis, nous n\u2019avons pas manqu\u00e9 une seule occasion de rencontrer sur sc\u00e8ne nos amis danseurs, com\u00e9diens, po\u00e8tes&#8230; Pour les 40 ans du Centre culturel Jean Vilar, nous avons cr\u00e9\u00e9 avec nos [&hellip;]<\/p>\n","protected":false},"author":1,"featured_media":0,"parent":0,"menu_order":0,"comment_status":"closed","ping_status":"closed","template":"","meta":{"footnotes":""},"class_list":["post-248","page","type-page","status-publish","hentry"],"_links":{"self":[{"href":"https:\/\/connecteurs-de-cartes.fr\/evoixla\/wp-json\/wp\/v2\/pages\/248","targetHints":{"allow":["GET"]}}],"collection":[{"href":"https:\/\/connecteurs-de-cartes.fr\/evoixla\/wp-json\/wp\/v2\/pages"}],"about":[{"href":"https:\/\/connecteurs-de-cartes.fr\/evoixla\/wp-json\/wp\/v2\/types\/page"}],"author":[{"embeddable":true,"href":"https:\/\/connecteurs-de-cartes.fr\/evoixla\/wp-json\/wp\/v2\/users\/1"}],"replies":[{"embeddable":true,"href":"https:\/\/connecteurs-de-cartes.fr\/evoixla\/wp-json\/wp\/v2\/comments?post=248"}],"version-history":[{"count":62,"href":"https:\/\/connecteurs-de-cartes.fr\/evoixla\/wp-json\/wp\/v2\/pages\/248\/revisions"}],"predecessor-version":[{"id":2305,"href":"https:\/\/connecteurs-de-cartes.fr\/evoixla\/wp-json\/wp\/v2\/pages\/248\/revisions\/2305"}],"wp:attachment":[{"href":"https:\/\/connecteurs-de-cartes.fr\/evoixla\/wp-json\/wp\/v2\/media?parent=248"}],"curies":[{"name":"wp","href":"https:\/\/api.w.org\/{rel}","templated":true}]}}

<div data-elementor-type="wp-page" data-elementor-id="248" class="elementor elementor-248" data-elementor-post-type="page">
				<div class="elementor-element elementor-element-fd9dc73 e-flex e-con-boxed e-con e-parent" data-id="fd9dc73" data-element_type="container" data-e-type="container">
					<div class="e-con-inner">
				<div class="elementor-element elementor-element-a6056ae elementor-widget elementor-widget-heading" data-id="a6056ae" data-element_type="widget" data-e-type="widget" data-widget_type="heading.default">
					<h1 class="elementor-heading-title elementor-size-default">Spectacles inter-associatifs</h1>				</div>
				<div class="elementor-element elementor-element-c556dda elementor-widget elementor-widget-text-editor" data-id="c556dda" data-element_type="widget" data-e-type="widget" data-widget_type="text-editor.default">
									<p>En 2012, nous avons participé, pour la première fois, à <strong data-start="321" data-end="343">La Nuit au théâtre</strong>, spectacle inter-associatif qui réunit musique, danse, théâtre, poésie&#8230; Depuis, nous n’avons pas manqué une seule occasion de rencontrer sur scène nos amis danseurs, comédiens, poètes&#8230; Pour les 40 ans du Centre culturel Jean Vilar, nous avons créé avec nos amis de Vagabondage (amateurs de poésie) « Le jazz et la poésie ».</p>								</div>
				<div class="elementor-element elementor-element-7ba5f8f elementor-widget elementor-widget-heading" data-id="7ba5f8f" data-element_type="widget" data-e-type="widget" data-widget_type="heading.default">
					<h2 class="elementor-heading-title elementor-size-default"><em>2023 : 50 ans de Jean Vilar</h2>				</div>
				<div class="elementor-element elementor-element-50a657c elementor-widget elementor-widget-text-editor" data-id="50a657c" data-element_type="widget" data-e-type="widget" data-widget_type="text-editor.default">
									<p>10 ans plus tard, en 2023, avec « <strong>Vilar entre en scène</strong> », nous étions très nombreux sur scène à célébrer le spectacle vivant.</p>								</div>
					</div>
				</div>
		<div class="elementor-element elementor-element-9535195 e-flex e-con-boxed e-con e-parent" data-id="9535195" data-element_type="container" data-e-type="container">
					<div class="e-con-inner">
		<div class="elementor-element elementor-element-221521a e-con-full e-flex e-con e-child" data-id="221521a" data-element_type="container" data-e-type="container">
				<div class="elementor-element elementor-element-aa5b21b elementor-widget elementor-widget-image" data-id="aa5b21b" data-element_type="widget" data-e-type="widget" data-widget_type="image.default">
															<img fetchpriority="high" decoding="async" width="800" height="534" src="https://connecteurs-de-cartes.fr/evoixla/wp-content/uploads/Jean-Vilar-2023-02-Collectif-le-Casting-1-1024x683.jpg" class="attachment-large size-large wp-image-861" alt="" srcset="https://connecteurs-de-cartes.fr/evoixla/wp-content/uploads/Jean-Vilar-2023-02-Collectif-le-Casting-1-1024x683.jpg 1024w, https://connecteurs-de-cartes.fr/evoixla/wp-content/uploads/Jean-Vilar-2023-02-Collectif-le-Casting-1-300x200.jpg 300w, https://connecteurs-de-cartes.fr/evoixla/wp-content/uploads/Jean-Vilar-2023-02-Collectif-le-Casting-1-768x512.jpg 768w, https://connecteurs-de-cartes.fr/evoixla/wp-content/uploads/Jean-Vilar-2023-02-Collectif-le-Casting-1-1536x1024.jpg 1536w, https://connecteurs-de-cartes.fr/evoixla/wp-content/uploads/Jean-Vilar-2023-02-Collectif-le-Casting-1-2048x1365.jpg 2048w" sizes="(max-width: 800px) 100vw, 800px" />															</div>
				<div class="elementor-element elementor-element-67a93d0 elementor-widget elementor-widget-text-editor" data-id="67a93d0" data-element_type="widget" data-e-type="widget" data-widget_type="text-editor.default">
									<p><span class="evl-logo-text"><span class="evl-e">É</span> <span class="evl-v">V</span><span class="evl-o">o</span><span class="evl-i">i</span><span class="evl-x">x</span>&#8211;<span class="evl-l">l</span><span class="evl-a">à </span></span>lors des 50 ans du Centre Culturel Jean Vilar en 2023.</p>								</div>
				</div>
		<div class="elementor-element elementor-element-81dd2a0 e-con-full e-flex e-con e-child" data-id="81dd2a0" data-element_type="container" data-e-type="container">
				<div class="elementor-element elementor-element-9f0551f elementor-widget elementor-widget-image" data-id="9f0551f" data-element_type="widget" data-e-type="widget" data-widget_type="image.default">
															<img decoding="async" width="683" height="1024" src="https://connecteurs-de-cartes.fr/evoixla/wp-content/uploads/Jean-Vilar-2023-02-thierry-casting-2-1-scaled-e1787836980674-683x1024.jpg" class="attachment-large size-large wp-image-862" alt="" srcset="https://connecteurs-de-cartes.fr/evoixla/wp-content/uploads/Jean-Vilar-2023-02-thierry-casting-2-1-scaled-e1787836980674-683x1024.jpg 683w, https://connecteurs-de-cartes.fr/evoixla/wp-content/uploads/Jean-Vilar-2023-02-thierry-casting-2-1-scaled-e1787836980674-200x300.jpg 200w, https://connecteurs-de-cartes.fr/evoixla/wp-content/uploads/Jean-Vilar-2023-02-thierry-casting-2-1-scaled-e1787836980674-768x1152.jpg 768w, https://connecteurs-de-cartes.fr/evoixla/wp-content/uploads/Jean-Vilar-2023-02-thierry-casting-2-1-scaled-e1787836980674-1024x1536.jpg 1024w, https://connecteurs-de-cartes.fr/evoixla/wp-content/uploads/Jean-Vilar-2023-02-thierry-casting-2-1-scaled-e1787836980674-1366x2048.jpg 1366w, https://connecteurs-de-cartes.fr/evoixla/wp-content/uploads/Jean-Vilar-2023-02-thierry-casting-2-1-scaled-e1787836980674.jpg 1707w" sizes="(max-width: 683px) 100vw, 683px" />															</div>
				</div>
					</div>
				</div>
				</div>

<p>Spectacles inter-associatifs En 2012, nous avons participé, pour la première fois, à La Nuit au théâtre, spectacle inter-associatif qui réunit musique, danse, théâtre, poésie&#8230; Depuis, nous n’avons pas manqué une seule occasion de rencontrer sur scène nos amis danseurs, comédiens, poètes&#8230; Pour les 40 ans du Centre culturel Jean Vilar, nous avons créé avec nos [&hellip;]</p>
